factor of 442 and 3502?
34
Calculate the highest common divisor of 245 and 5845.
35
What is the greatest common factor of 286 and 292578?
286
Calculate the greatest common factor of 535 and 320.
5
Calculate the greatest common factor of 190 and 303545.
5
What is the greatest common factor of 2698830 and 157?
157
Calculate the greatest common factor of 19 and 1021.
1
Calculate the greatest common divisor of 233790 and 30.
30
What is the highest common factor of 965 and 6036075?
965
What is the greatest common divisor of 93 and 103199?
31
Calculate the highest common factor of 740575 and 10.
5
Calculate the greatest common factor of 29640 and 57.
57
What is the highest common factor of 245 and 585?
5
What is the greatest common divisor of 1131 and 767?
13
Calculate the highest common divisor of 56 and 261688.
56
What is the highest common factor of 123 and 902820?
123
What is the highest common factor of 2696 and 152?
8
What is the greatest common factor of 8459 and 352?
11
Calculate the greatest common factor of 5265381 and 682.
341
What is the greatest common divisor of 132 and 2688?
12
Calculate the highest common divisor of 541482 and 6.
6
What is the greatest common divisor of 26080 and 2400?
160
What is the highest common divisor of 1392 and 4?
4
What is the highest common factor of 24667 and 17?
17
Calculate the highest common factor of 66458 and 21.
7
Calculate the highest common factor of 117 and 2512887.
39
What is the highest common factor of 61868 and 2?
2
What is the greatest common divisor of 316 and 46?
2
Calculate the greatest common divisor of 118351 and 133.
19
Calculate the greatest common factor of 321784 and 116.
116
Calculate the highest common factor of 132 and 11957.
11
What is the highest common divisor of 1173284 and 84?
28
What is the highest common divisor of 142 and 16117?
71
Calculate the greatest common divisor of 11788 and 504.
28
What is the highest common divisor of 155964 and 820?
164
Calculate the greatest common divisor of 706903 and 311.
311
Calculate the greatest common factor of 7776 and 20992.
32
Calculate the highest common divisor of 2884 and 12.
4
Calculate the greatest common divisor of 6244 and 238.
14
Calculate the greatest common factor of 2205126 and 1110.
222
Calculate the greatest common factor of 28 and 540808.
4
Calculate the highest common factor of 20537 and 33.
11
Calculate the greatest common divisor of 1377 and 901.
17
What is the highest common divisor of 10080 and 1584?
144
What is the greatest common factor of 10168 and 984?
328
Calculate the highest common factor of 79946 and 84450.
1126
What is the highest common factor of 318 and 507?
3
What is the greatest common factor of 882 and 1422?
18
What is the greatest common factor of 16 and 262232?
8
What is the greatest common divisor of 40 and 24376?
8
What is the highest common factor of 2849 and 107261?
77
What is the greatest common factor of 28 and 3157?
7
Calculate the highest common divisor of 126 and 254954.
14
Calculate the greatest common factor of 123 and 509097.
123
Calculate the greatest common factor of 48152 and 988.
52
Calculate the greatest common divisor of 8 and 35186.
2
Calculate the greatest common divisor of 330 and 256278.
66
What is the greatest common factor of 51227 and 11?
11
Calculate the greatest common factor of 208 and 1274.
26
Calculate the greatest common factor of 1575 and 15975.
225
What is the greatest common factor of 2432 and 418?
38
What is the greatest common factor of 55 and 3420?
5
What is the highest common factor of 94115 and 70?
35
What is the highest common divisor of 364139 and 449?
449
What is the greatest common factor of 3262 and 29806?
14
Calculate the highest common factor of 32 and 12896.
32
Calculate the highest common factor of 4392 and 75456.
72
Calculate the greatest common factor of 12412 and 856.
428
Calculate the highest common divisor of 609 and 53157.
87
Calculate the greatest common divisor of 1729 and 718732.
133
What is the highest common factor of 76178 and 1558?
82
Calculate the highest common divisor of 1775 and 136462.
71
Calculate the greatest common factor of 840552 and 120.
24
What is the highest common divisor of 483273 and 1134?
189
Calculate the highest common divisor of 11361 and 987.
21
What is the highest common divisor of 24 and 172136?
8
Calculate the highest common factor of 862 and 14.
2
What is the highest common factor of 32256 and 1024?
512
Calculate the highest common divisor of 9196 and 3800.
76
Calculate the highest common factor of 7860 and 4720.
20
Calculate the highest common divisor of 823 and 26675899.
823
Calculate the highest common divisor of 4738 and 506.
46
Calculate the greatest common divisor of 6875 and 297.
11
Calculate the highest common factor of 1264716 and 684.
684
Calculate the highest common factor of 90 and 1786770.
90
What is the greatest common divisor of 1181612 and 1340?
268
Calculate the greatest common factor of 68 and 13612.
4
Calculate the highest common divisor of 392 and 206234.
14
Calculate the highest common factor of 14732 and 754.
58
What is the highest common factor of 1632 and 3111?
51
What is the greatest common divisor of 153800 and 20?
20
Calculate the greatest common divisor of 2465 and 2755.
145
What is the greatest common factor of 2224 and 44?
4
Calculate the highest common divisor of 13 and 152412.
13
What is the highest common factor of 758164 and 16?
4
Calculate the greatest common factor of 3540 and 15720.
60
Calculate the greatest common divisor of 1415722 and 770.
154
What is the greatest common divisor of 444 and 40692?
12
What is the highest common factor of 14763 and 323?
19
Calculate the highest common factor of 323 and 10222.
19
Calculate the highest common factor of 7294 and 54.
2
What is the highest common factor of 370011 and 725?
29
Calculate the greatest common factor of 13561 and 8977.
191
What is the greatest common divisor of 159309 and 9?
9
Calculate the highest common divisor of 1839 and 212711.
613
Calculate the highest common divisor of 6 and 395442.
6
What is the greatest common divisor of 8906 and 37454?
122
What is the highest common factor of 4 and 49174?
2
Calculate the highest common factor of 10991485 and 205.
205
Calculate the highest common factor of 17 and 181169.
17
Calculate the greatest common factor of 9 and 113121.
9
Calculate the greatest common divisor of 13154 and 2.
2
What is the greatest common divisor of 14163 and 9?
3
What is the highest common factor of 1185 and 15?
15
Calculate the greatest common factor of 20713650 and 170.
170
What is the highest common factor of 148324 and 11?
11
Calculate the highest common factor of 1285976 and 2576.
184
What is the highest common factor of 228 and 368334?
114
What is the highest common divisor of 232952 and 1036?
148
What is the highest common factor of 6431 and 177?
59
Calculate the greatest common divisor of 19588 and 50796.
332
What is the greatest common factor of 870 and 54346?
58
Calculate the greatest common factor of 2635677 and 8088.
1011
What is the greatest common factor of 573840 and 432?
144
Calculate the greatest common factor of 483 and 37881.
69
What is the highest common factor of 615723 and 272?
17
Calculate the greatest common divisor of 7539 and 105.
21
Calculate the highest common divisor of 1350 and 4023.
27
Calculate the greatest common divisor of 4956 and 3514.
14
What is the greatest common factor of 101277 and 121?
121
What is the greatest common divisor of 82488 and 98?
14
What is the highest common factor of 102138 and 58?
58
What is the highest common divisor of 27570 and 42?
6
Calculate the greatest common divisor of 1708 and 3136.
28
What is the greatest common divisor of 30200 and 50?
50
What is the highest common factor of 111243 and 1485?
33
What is the highest common factor of 312 and 1128?
24
Calculate the greatest common factor of 16 and 116456.
8
What is the greatest common factor of 25675 and 83187?
1027
What is the greatest common divisor of 973087 and 59?
59
What is the greatest common divisor of 170670 and 90?
30
Calculate the greatest common factor of 56 and 341712.
56
What is the highest common divisor of 3141 and 72?
9
Calculate the highest common factor of 1206918 and 36.
